{"id":146,"date":"2017-10-01T08:00:57","date_gmt":"2017-10-01T13:00:57","guid":{"rendered":"http:\/\/reforma3000.seminariobiblicocucuta.org\/?page_id=146"},"modified":"2024-02-04T12:30:48","modified_gmt":"2024-02-04T12:30:48","slug":"1-wittenberg","status":"publish","type":"page","link":"https:\/\/reforma3000.seminariobiblicocucuta.org\/index.php\/1-wittenberg\/","title":{"rendered":"La responsabilidad de pensar"},"content":{"rendered":"<div class=\"text\">\n<div class=\"text\">\n<h3>Martillazos con repercusi\u00f3n permanente<\/h3>\n<p><em>Los metros cuadrados m\u00e1s famosos de Wittenberg son los del portal de la Iglesia del Castillo. Se dice que aqu\u00ed, el 31 de octubre de 1517, Mart\u00edn Lutero clav\u00f3 sus 95 Tesis. A pesar de que falta la afirmaci\u00f3n absoluta de este acto como hecho hist\u00f3rico, la fama de Wittenberg como \u00abla ciudad de Lutero\u00bb est\u00e1 bien fundamentada.<\/em><\/p>\n<p><img loading=\"lazy\" decoding=\"async\" class=\"wp-image-686 size-medium\" src=\"http:\/\/reforma3000.seminariobiblicocucuta.org\/wp-content\/uploads\/2024\/02\/WittenbergKirche1-480x400-1-300x250.jpg\"  title=\"La Iglesia del Castillo en Wittenberg\" alt=\"\" width=\"300\" height=\"250\" style=\"float: left; margin-right: 12px;\" srcset=\"https:\/\/reforma3000.seminariobiblicocucuta.org\/wp-content\/uploads\/2024\/02\/WittenbergKirche1-480x400-1-300x250.jpg 300w, https:\/\/reforma3000.seminariobiblicocucuta.org\/wp-content\/uploads\/2024\/02\/WittenbergKirche1-480x400-1-324x270.jpg 324w, https:\/\/reforma3000.seminariobiblicocucuta.org\/wp-content\/uploads\/2024\/02\/WittenbergKirche1-480x400-1.jpg 480w\" sizes=\"(max-width: 300px) 100vw, 300px\" \/>La ciudad en las orillas del r\u00edo Elbe era la sede principal de Mart\u00edn Lutero y hasta hoy lleva la impronta de su legado reformador. La presencia de Lutero condujo al florecimiento urbano, documentado en los muchos edificios de estilo renacentista del siglo XVI. Wittenberg era capital del Electorado Principal Sajonia, una residencia ducal y principal de los electores de Sachsen-Wittenberg- Bajo el Pr\u00edncipe Elector Federico el Sabio, el que protegi\u00f3 y apoy\u00f3 a Lutero, la ciudad lleg\u00f3 a ser uno de los centros espirituales y culturales de Europa.<\/p>\n<h4>Una carrera como te\u00f3logo<\/h4>\n<p>En 1508, el monje Lutero vivi\u00f3 en el llamado Claustro Negro, en un barrio al margen este de la ciudad. Despu\u00e9s de haber sido promovido como Doctor de Teolog\u00eda de la Universidad de Wittenberg en 1512,\u00a0 obtuvo all\u00e1 mismo la C\u00e1tedra de Teolog\u00eda B\u00edblica. 1514 adem\u00e1s fue llamado como predicador a la Iglesia Municipal. Hasta este punto su carrera como te\u00f3logo era dentro del curso normal. Con la publicaci\u00f3n de los 95 Tesis en contra del comercio papal con las indulgencias, sin embargo, los que han pasado al mundo posterior como tablas clavadas al port\u00f3n de la Iglesia del Castillo, en 1517 Wittenberg se constituy\u00f3 en punto de partida de la Reforma y el profesor de teolog\u00eda Martin Luther como protagonista de un movimiento de repercusi\u00f3n hist\u00f3rica.<\/p>\n<p>Hasta mucho despu\u00e9s del siglo XVI Wittenberg conserv\u00f3 su papel importante en iglesia, ciencia y cultura. En 1996, el conjunto hist\u00f3rico de la Reforma\u00a0 -Iglesia del Castillo, Iglesia Municipal, Casa de Lutero y Casa de Melanchthon- fue declarado por la UNESCO como Herencia Cultural de la Humanidad<\/p>\n<h4>Un ambiente propicio para pensar<\/h4>\n<p>Al lado de Lutero tambi\u00e9n otros personajes dejaron sus huellas en la ciudad, tales como Felipe Melanchthon y Johann Bugenhagen, as\u00ed como el pintor Lucas Cranach, el retratista de los reformadores. Sus residencias y monumentos forman hoy la \u00abmilla hist\u00f3rica\u00bb que recurre el centro urbano como eje transversal.<\/p>\n<p>El n\u00facleo era, por supuesto, la Universidad Leucorea de Wittenberg. Fundada apenas en 1502 se desarroll\u00f3 bajo la influencia de los pensadores protestantes como la m\u00e1s importante de Europa y difundi\u00f3 ampliamente la fama de la ciudad. Fue por el ejercicio de la c\u00e1tedra teol\u00f3gica que Lutero obtuvo la convicci\u00f3n del error de la Iglesia y las bases para sus tesis. \u00bfCu\u00e1les eran las circunstancias que detonaron los acontecimientos?<\/p>\n<p>Desde 1515, el monje dominicano Juan Tetzel distribuye la llamada \u00abIndulgencia de Pedro\u00bb por orden del Cardenal Albrecht de Brandenburgo. Los ingresos deben contribuir a la terminaci\u00f3n de la Catedral de San Pedro en Roma. Motivado por sus deberes pastorales y bas\u00e1ndose en sus estudios acad\u00e9micos,\u00a0 Lutero siente la obligaci\u00f3n de intervenir y, desde temprano, comienza con criticar las predicaciones y pr\u00e1cticas comerciales de Tetzel.\u00a0 El 31 de octubre publica sus famosos <strong>95 Tesis en contra del abuso de la indulgencia<\/strong>. El d\u00eda simboliza hasta hoy al comienzo de la Reforma. Los art\u00edculos que originalmente fueron redactados para servir en la discusi\u00f3n acad\u00e9mica, son replicados por la imprenta y recorren\u00a0 como fuego salvaje primero a Alemania y pronto a toda Europa.<\/p>\n<p>Ser\u00eda un error subestimar el impacto que Lutero recibe cuando, como titular de la c\u00e1tedra de Teolog\u00eda B\u00edblico, lee la <strong><a href=\"http:\/\/reforma3000.seminariobiblicocucuta.org\/la-carta-a-los-romanos\">Carta a los Romanos <\/a><\/strong>por primera vez no como creyente, sino como maestro; no s\u00f3lo con el prop\u00f3sito de transmitir su ense\u00f1anza al pueblo de Dios, sino con la intenci\u00f3n de introducir a estudiantes y futuros sacerdotes o maestros, a las profundidades de su mensaje. Ya inquieto por el nefasto efecto de la venta de indulgencias sobre la salvaci\u00f3n de las personas a su cuidado, repite una tras otra vez la lectura atenta de la ep\u00edstola hasta que las escamas caen de sus ojos: <em>\u00absicut scriptum est iustus autem ex fide vivit\u00bb<\/em> o \u00abTal como est\u00e1 escrito: el que es justo por fe, vivir\u00e1.\u00bb<\/p>\n<h4>Un ambiente propicio para perseverar en la oposici\u00f3n<\/h4>\n<p>En junio 1518 se abre el examen de investigaci\u00f3n de la Iglesia cat\u00f3lico-romana en contra de Mart\u00edn Lutero. La acusaci\u00f3n: herej\u00eda. Mientras es interrogado en <a href=\"http:\/\/reforma3000.seminariobiblicocucuta.org\/4-augsburgo\"><strong>Augsburgo<\/strong><\/a> por el nuncio papal Cayetano, Lutero se niega por primera vez a retractarse. S\u00f3lo pocos meses despu\u00e9s pronuncia p\u00fablicamente sus dudas sobre la competencia del papa y de los concilios. Sus discursos y escritos le ganan nuevos adeptos con tanta rapidez, que no se deja esperar la bula que le amenaza con excomuni\u00f3n. Finalmente llega, el 15 de junio 1520.<\/p>\n<p>Bajo las aclamaciones jubilosas de sus amigos y colegas en Wittenberg, Lutero quema la bula en una gran demostraci\u00f3n p\u00fablica. A lo que sigue la excomuni\u00f3n definitiva el 3 de enero de 1521. Lo que tiene ahora por delante es la aparici\u00f3n ante la <strong><a href=\"http:\/\/reforma3000.seminariobiblicocucuta.org\/lo-que-podemos-aprender-de-lutero\" target=\"_blank\" rel=\"noopener\">Dieta de Worms<\/a><\/strong>.<\/p>\n<h3>Lutero en Wittenberg: el significado<\/h3>\n<p>Los precursores de la Reforma hab\u00edan tenido pensamientos similares al criticar la artificialidad de la doctrina cat\u00f3lica, surgida de una interpretaci\u00f3n arbitraria en diferentes ocasiones por motivos m\u00e1s pragm\u00e1ticos que teol\u00f3gicos. A pesar de esto carec\u00edan la claridad y sencillez de la interpretaci\u00f3n b\u00edblica que de Lutero hizo &#8216;al hombre que lo logr\u00f3&#8217;. Si se hubiera, como los dem\u00e1s, dejado guiar \u00fanicamente por el lado pastoral, si hubiera atacado solo por el lado de la conducta de la iglesia de su tiempo, tal vez su impacto habr\u00eda sido insuficiente para perdurar. Es decir, si hubiera apuntado s\u00f3lo a se\u00f1alar,\u00a0 habr\u00eda dado a luz a una criatura muerta, como tantos otros. M\u00e1s bien se esforz\u00f3 primero a establecer la verdad que le grit\u00f3 desde el texto, a formular <em>doctrinas nuevas<\/em> de lo que interpretaba del texto.<\/p>\n<p>De ah\u00ed a denunciar la venta de las indulgencias como abusiva, y de all\u00e1 a derrumbar todo el edificio sacramental que la iglesia hab\u00eda levantado por siglos, s\u00f3lo fueron pasos consecutivos l\u00f3gicos. La Reforma naci\u00f3 en la c\u00e1tedra acad\u00e9mica donde construy\u00f3 un edificio\u00a0hecho de interpretaciones nuevas y osadas, pero aptas a ser comprobadas por todo aquel que pone el mensaje del Evangelio por encima de tradiciones y c\u00e1nones confesionales.<\/p>\n<\/div>\n<\/div>\n<div id=\"c1143\"><\/div>\n","protected":false},"excerpt":{"rendered":"<p>Martillazos con repercusi\u00f3n permanente Los metros cuadrados m\u00e1s famosos de Wittenberg son los del portal de la Iglesia del Castillo. Se dice que aqu\u00ed, el 31 de octubre de 1517, Mart\u00edn Lutero clav\u00f3 sus 95 Tesis. A pesar de que falta la afirmaci\u00f3n absoluta de este acto como hecho hist\u00f3rico, la fama de Wittenberg como &hellip; <\/p>\n<p class=\"read-more\"><a class=\"btn btn-default\" href=\"https:\/\/reforma3000.seminariobiblicocucuta.org\/index.php\/1-wittenberg\/\"> Seguir leyendo<span class=\"screen-reader-text\">  Seguir leyendo<\/span><\/a><\/p>\n","protected":false},"author":1,"featured_media":0,"parent":0,"menu_order":0,"comment_status":"closed","ping_status":"closed","template":"","meta":{"footnotes":""},"_links":{"self":[{"href":"https:\/\/reforma3000.seminariobiblicocucuta.org\/index.php\/wp-json\/wp\/v2\/pages\/146"}],"collection":[{"href":"https:\/\/reforma3000.seminariobiblicocucuta.org\/index.php\/wp-json\/wp\/v2\/pages"}],"about":[{"href":"https:\/\/reforma3000.seminariobiblicocucuta.org\/index.php\/wp-json\/wp\/v2\/types\/page"}],"author":[{"embeddable":true,"href":"https:\/\/reforma3000.seminariobiblicocucuta.org\/index.php\/wp-json\/wp\/v2\/users\/1"}],"replies":[{"embeddable":true,"href":"https:\/\/reforma3000.seminariobiblicocucuta.org\/index.php\/wp-json\/wp\/v2\/comments?post=146"}],"version-history":[{"count":28,"href":"https:\/\/reforma3000.seminariobiblicocucuta.org\/index.php\/wp-json\/wp\/v2\/pages\/146\/revisions"}],"predecessor-version":[{"id":695,"href":"https:\/\/reforma3000.seminariobiblicocucuta.org\/index.php\/wp-json\/wp\/v2\/pages\/146\/revisions\/695"}],"wp:attachment":[{"href":"https:\/\/reforma3000.seminariobiblicocucuta.org\/index.php\/wp-json\/wp\/v2\/media?parent=146"}],"curies":[{"name":"wp","href":"https:\/\/api.w.org\/{rel}","templated":true}]}}

<div class="text">
<div class="text">
<h3>Martillazos con repercusión permanente</h3>
<p><em>Los metros cuadrados más famosos de Wittenberg son los del portal de la Iglesia del Castillo. Se dice que aquí, el 31 de octubre de 1517, Martín Lutero clavó sus 95 Tesis. A pesar de que falta la afirmación absoluta de este acto como hecho histórico, la fama de Wittenberg como «la ciudad de Lutero» está bien fundamentada.</em></p>
<p><img loading="lazy" decoding="async" class="wp-image-686 size-medium" src="http://reforma3000.seminariobiblicocucuta.org/wp-content/uploads/2024/02/WittenbergKirche1-480x400-1-300x250.jpg"  title="La Iglesia del Castillo en Wittenberg" alt="" width="300" height="250" style="float: left; margin-right: 12px;" srcset="https://reforma3000.seminariobiblicocucuta.org/wp-content/uploads/2024/02/WittenbergKirche1-480x400-1-300x250.jpg 300w, https://reforma3000.seminariobiblicocucuta.org/wp-content/uploads/2024/02/WittenbergKirche1-480x400-1-324x270.jpg 324w, https://reforma3000.seminariobiblicocucuta.org/wp-content/uploads/2024/02/WittenbergKirche1-480x400-1.jpg 480w" sizes="(max-width: 300px) 100vw, 300px" />La ciudad en las orillas del río Elbe era la sede principal de Martín Lutero y hasta hoy lleva la impronta de su legado reformador. La presencia de Lutero condujo al florecimiento urbano, documentado en los muchos edificios de estilo renacentista del siglo XVI. Wittenberg era capital del Electorado Principal Sajonia, una residencia ducal y principal de los electores de Sachsen-Wittenberg- Bajo el Príncipe Elector Federico el Sabio, el que protegió y apoyó a Lutero, la ciudad llegó a ser uno de los centros espirituales y culturales de Europa.</p>
<h4>Una carrera como teólogo</h4>
<p>En 1508, el monje Lutero vivió en el llamado Claustro Negro, en un barrio al margen este de la ciudad. Después de haber sido promovido como Doctor de Teología de la Universidad de Wittenberg en 1512,  obtuvo allá mismo la Cátedra de Teología Bíblica. 1514 además fue llamado como predicador a la Iglesia Municipal. Hasta este punto su carrera como teólogo era dentro del curso normal. Con la publicación de los 95 Tesis en contra del comercio papal con las indulgencias, sin embargo, los que han pasado al mundo posterior como tablas clavadas al portón de la Iglesia del Castillo, en 1517 Wittenberg se constituyó en punto de partida de la Reforma y el profesor de teología Martin Luther como protagonista de un movimiento de repercusión histórica.</p>
<p>Hasta mucho después del siglo XVI Wittenberg conservó su papel importante en iglesia, ciencia y cultura. En 1996, el conjunto histórico de la Reforma  -Iglesia del Castillo, Iglesia Municipal, Casa de Lutero y Casa de Melanchthon- fue declarado por la UNESCO como Herencia Cultural de la Humanidad</p>
<h4>Un ambiente propicio para pensar</h4>
<p>Al lado de Lutero también otros personajes dejaron sus huellas en la ciudad, tales como Felipe Melanchthon y Johann Bugenhagen, así como el pintor Lucas Cranach, el retratista de los reformadores. Sus residencias y monumentos forman hoy la «milla histórica» que recurre el centro urbano como eje transversal.</p>
<p>El núcleo era, por supuesto, la Universidad Leucorea de Wittenberg. Fundada apenas en 1502 se desarrolló bajo la influencia de los pensadores protestantes como la más importante de Europa y difundió ampliamente la fama de la ciudad. Fue por el ejercicio de la cátedra teológica que Lutero obtuvo la convicción del error de la Iglesia y las bases para sus tesis. ¿Cuáles eran las circunstancias que detonaron los acontecimientos?</p>
<p>Desde 1515, el monje dominicano Juan Tetzel distribuye la llamada «Indulgencia de Pedro» por orden del Cardenal Albrecht de Brandenburgo. Los ingresos deben contribuir a la terminación de la Catedral de San Pedro en Roma. Motivado por sus deberes pastorales y basándose en sus estudios académicos,  Lutero siente la obligación de intervenir y, desde temprano, comienza con criticar las predicaciones y prácticas comerciales de Tetzel.  El 31 de octubre publica sus famosos <strong>95 Tesis en contra del abuso de la indulgencia</strong>. El día simboliza hasta hoy al comienzo de la Reforma. Los artículos que originalmente fueron redactados para servir en la discusión académica, son replicados por la imprenta y recorren  como fuego salvaje primero a Alemania y pronto a toda Europa.</p>
<p>Sería un error subestimar el impacto que Lutero recibe cuando, como titular de la cátedra de Teología Bíblico, lee la <strong><a href="http://reforma3000.seminariobiblicocucuta.org/la-carta-a-los-romanos">Carta a los Romanos </a></strong>por primera vez no como creyente, sino como maestro; no sólo con el propósito de transmitir su enseñanza al pueblo de Dios, sino con la intención de introducir a estudiantes y futuros sacerdotes o maestros, a las profundidades de su mensaje. Ya inquieto por el nefasto efecto de la venta de indulgencias sobre la salvación de las personas a su cuidado, repite una tras otra vez la lectura atenta de la epístola hasta que las escamas caen de sus ojos: <em>«sicut scriptum est iustus autem ex fide vivit»</em> o «Tal como está escrito: el que es justo por fe, vivirá.»</p>
<h4>Un ambiente propicio para perseverar en la oposición</h4>
<p>En junio 1518 se abre el examen de investigación de la Iglesia católico-romana en contra de Martín Lutero. La acusación: herejía. Mientras es interrogado en <a href="http://reforma3000.seminariobiblicocucuta.org/4-augsburgo"><strong>Augsburgo</strong></a> por el nuncio papal Cayetano, Lutero se niega por primera vez a retractarse. Sólo pocos meses después pronuncia públicamente sus dudas sobre la competencia del papa y de los concilios. Sus discursos y escritos le ganan nuevos adeptos con tanta rapidez, que no se deja esperar la bula que le amenaza con excomunión. Finalmente llega, el 15 de junio 1520.</p>
<p>Bajo las aclamaciones jubilosas de sus amigos y colegas en Wittenberg, Lutero quema la bula en una gran demostración pública. A lo que sigue la excomunión definitiva el 3 de enero de 1521. Lo que tiene ahora por delante es la aparición ante la <strong><a href="http://reforma3000.seminariobiblicocucuta.org/lo-que-podemos-aprender-de-lutero" target="_blank" rel="noopener">Dieta de Worms</a></strong>.</p>
<h3>Lutero en Wittenberg: el significado</h3>
<p>Los precursores de la Reforma habían tenido pensamientos similares al criticar la artificialidad de la doctrina católica, surgida de una interpretación arbitraria en diferentes ocasiones por motivos más pragmáticos que teológicos. A pesar de esto carecían la claridad y sencillez de la interpretación bíblica que de Lutero hizo &#8216;al hombre que lo logró&#8217;. Si se hubiera, como los demás, dejado guiar únicamente por el lado pastoral, si hubiera atacado solo por el lado de la conducta de la iglesia de su tiempo, tal vez su impacto habría sido insuficiente para perdurar. Es decir, si hubiera apuntado sólo a señalar,  habría dado a luz a una criatura muerta, como tantos otros. Más bien se esforzó primero a establecer la verdad que le gritó desde el texto, a formular <em>doctrinas nuevas</em> de lo que interpretaba del texto.</p>
<p>De ahí a denunciar la venta de las indulgencias como abusiva, y de allá a derrumbar todo el edificio sacramental que la iglesia había levantado por siglos, sólo fueron pasos consecutivos lógicos. La Reforma nació en la cátedra académica donde construyó un edificio hecho de interpretaciones nuevas y osadas, pero aptas a ser comprobadas por todo aquel que pone el mensaje del Evangelio por encima de tradiciones y cánones confesionales.</p>
</div>
</div>
<div id="c1143"></div>

<p>Martillazos con repercusión permanente Los metros cuadrados más famosos de Wittenberg son los del portal de la Iglesia del Castillo. Se dice que aquí, el 31 de octubre de 1517, Martín Lutero clavó sus 95 Tesis. A pesar de que falta la afirmación absoluta de este acto como hecho histórico, la fama de Wittenberg como &hellip; </p>
<p class="read-more"><a class="btn btn-default" href="https://reforma3000.seminariobiblicocucuta.org/index.php/1-wittenberg/"> Seguir leyendo<span class="screen-reader-text">  Seguir leyendo</span></a></p>
