{"id":84,"date":"2017-10-03T10:00:28","date_gmt":"2017-10-03T15:00:28","guid":{"rendered":"http:\/\/reforma3000.seminariobiblicocucuta.org\/?page_id=84"},"modified":"2024-02-15T16:54:06","modified_gmt":"2024-02-15T16:54:06","slug":"3-espira","status":"publish","type":"page","link":"https:\/\/reforma3000.seminariobiblicocucuta.org\/index.php\/3-espira\/","title":{"rendered":"El derecho de la minor\u00eda"},"content":{"rendered":"<div class=\"wp-block-image\">\n<figure class=\"alignleft is-resized\"><img loading=\"lazy\" decoding=\"async\" width=\"300\" height=\"200\" src=\"http:\/\/reforma3000.seminariobiblicocucuta.org\/wp-content\/uploads\/2024\/02\/DietaSpeyer1529-300x200.jpg\" alt=\"\" class=\"wp-image-712\" style=\"width:386px;height:auto\" srcset=\"https:\/\/reforma3000.seminariobiblicocucuta.org\/wp-content\/uploads\/2024\/02\/DietaSpeyer1529-300x200.jpg 300w, https:\/\/reforma3000.seminariobiblicocucuta.org\/wp-content\/uploads\/2024\/02\/DietaSpeyer1529-405x270.jpg 405w, https:\/\/reforma3000.seminariobiblicocucuta.org\/wp-content\/uploads\/2024\/02\/DietaSpeyer1529-272x182.jpg 272w, https:\/\/reforma3000.seminariobiblicocucuta.org\/wp-content\/uploads\/2024\/02\/DietaSpeyer1529.jpg 550w\" sizes=\"(max-width: 300px) 100vw, 300px\" \/><\/figure><\/div>\n\n\n<p class=\"has-text-align-left\"><strong><em>El 10 de abril 1529, en el marco de la Dieta Imperial de Spira, seis pr\u00edncipes y los delegados de catorce ciudades imperiales se reunieron como representantes de la minor\u00eda religiosa luterana\u00a0 en protesta a causa del decreto imperial en contra de Mart\u00edn Lutero as\u00ed como en contra de sus escritos y ense\u00f1anza, con fin de solicitar la propagaci\u00f3n libre de la fe evang\u00e9lica.<\/em><\/strong><\/p>\n\n\n\n<h3 class=\"wp-block-heading\">Los luteranos en la Dieta de Spira<\/h3>\n\n\n\n<p>Ocho a\u00f1os atr\u00e1s, en la <a href=\"http:\/\/reforma3000.seminariobiblicocrucuta.org\/lo-que-podemos-aprender-de-lutero\">Dieta de Worms<\/a> de 1521, la lectura y difusi\u00f3n de los escritos luteranos hab\u00eda sido prohibido en el Edicto de Worms, y Mart\u00edn Lutero as\u00ed como sus seguidores fueron declarados como fuera de la ley. En una dieta posterior, celebrada en 1526 tambi\u00e9n en Spira, este fallo fue parcialmente reversado, en cuanto que su ejecuci\u00f3n se dej\u00f3 en manos de los Estados Imperiales. Cada pr\u00edncipe deb\u00eda tratar el asunto de religi\u00f3n tal como le parec\u00eda poder responder ante Dios y ante el Emperador. En esta segunda Dieta de Spira, Carlos V. quiere ahora levantar las conclusiones de 1526 para poner fin a la disputa religiosa entre la mayor\u00eda cat\u00f3lica y la minor\u00eda evang\u00e9lica.<\/p>\n\n\n\n<p>Los pr\u00edncipes inclinados a la Reforma, empero, no quieren conformarse&nbsp;con ser obligados a la confesi\u00f3n cat\u00f3lica por medio de una decisi\u00f3n mayoritaria. La protesta montada por los pr\u00edncipes y ciudades se considera, por ende, la hora de Nacimiento del protestantismo.<\/p>\n\n\n\n<h4 class=\"wp-block-heading\">Los antecedentes<\/h4>\n\n\n\n<p>Apenas a tres a\u00f1os despu\u00f1es de la dieta del 1526, Emperador Carlos V. conscribe una nueva dieta para el 1 de marzo de 1529. Como en la occasion anterior no&nbsp;asistir\u00e1 en persona sino, en su lugar debe presidir su hermano Fernando; \u00e9l mismo se encuentra demasiado involucrado en la guerra espa\u00f1ola con Francia.<\/p>\n\n\n\n<p>En el discurso de inauguraci\u00f3n, Fernando da a conocer la decision del emperador: levantar la determinaci\u00f3n de 1526, ya que&nbsp;ella hubiera&nbsp;dado origen a&nbsp;\u00abgran malestar y falta de sentido\u00bb, y amenaza a cualquier \u00abseducci\u00f3n a la falsa fe\u00bb con&nbsp;expulsar a los incurrientes por fuera de la protecci\u00f3n por la ley imperial. Hasta la aclaraci\u00f3n por un concilio que todav\u00eda faltaba por convocar, todas las innovaciones eran prohibidas.<\/p>\n\n\n\n<p>A\u00fan as\u00ed ofrece&nbsp;alguna concesi\u00f3n: \u00abEl que hasta ahora ha acatado al Edicto de Worms, debe seguir haci\u00e9ndolo. En las regiones donde no se le ha obedecido, no se introducen&nbsp;cosas nuevas,&nbsp;pero a nadie debe impedirse celebrar la misa. Las sectas finalmente que contradigan al sacramento del&nbsp;Cuerpo y la Sangre verdadera, no deben permitirse,&nbsp;as\u00ed como tampoco los anabaptistas.\u00bb<\/p>\n\n\n\n<p>En texto claro esto quiere decir que en territories&nbsp;gobernados por&nbsp;cat\u00f3licos se mantiene la&nbsp;prohibici\u00f3n a la ense\u00f1anza&nbsp; luterana, mientras en territories gobernados por luteranos, estos pueden continuar por el momento, pero sin propagar su fe ni inhibiendo&nbsp;a los cat\u00f3licos.<\/p>\n\n\n\n<h4 class=\"wp-block-heading\">Un nombre&nbsp;para los siglos<\/h4>\n\n\n\n<p>El 19 de abril, las objeciones contra la determinaci\u00f3n imperial de 1526 son aceptados por una mayor\u00eda de los Estados.<\/p>\n\n\n<div class=\"wp-block-image\">\n<figure class=\"alignleft size-large is-resized\"><img loading=\"lazy\" decoding=\"async\" width=\"691\" height=\"1024\" src=\"http:\/\/reforma3000.seminariobiblicocucuta.org\/wp-content\/uploads\/2024\/02\/HerzogErnst-691x1024.jpg\" alt=\"\" class=\"wp-image-716\" style=\"width:239px;height:auto\" srcset=\"https:\/\/reforma3000.seminariobiblicocucuta.org\/wp-content\/uploads\/2024\/02\/HerzogErnst-691x1024.jpg 691w, https:\/\/reforma3000.seminariobiblicocucuta.org\/wp-content\/uploads\/2024\/02\/HerzogErnst-203x300.jpg 203w, https:\/\/reforma3000.seminariobiblicocucuta.org\/wp-content\/uploads\/2024\/02\/HerzogErnst-768x1137.jpg 768w, https:\/\/reforma3000.seminariobiblicocucuta.org\/wp-content\/uploads\/2024\/02\/HerzogErnst-182x270.jpg 182w, https:\/\/reforma3000.seminariobiblicocucuta.org\/wp-content\/uploads\/2024\/02\/HerzogErnst.jpg 1000w\" sizes=\"(max-width: 691px) 100vw, 691px\" \/><figcaption class=\"wp-element-caption\"><strong>Ernst \u00abel Confesor\u00bb. Duque de Braunschweig<\/strong><\/figcaption><\/figure><\/div>\n\n<div class=\"wp-block-image\">\n<figure class=\"alignright size-full is-resized\"><img loading=\"lazy\" decoding=\"async\" width=\"400\" height=\"586\" src=\"http:\/\/reforma3000.seminariobiblicocucuta.org\/wp-content\/uploads\/2024\/02\/KurfurstJohann.jpg\" alt=\"\" class=\"wp-image-717\" style=\"width:235px;height:auto\" srcset=\"https:\/\/reforma3000.seminariobiblicocucuta.org\/wp-content\/uploads\/2024\/02\/KurfurstJohann.jpg 400w, https:\/\/reforma3000.seminariobiblicocucuta.org\/wp-content\/uploads\/2024\/02\/KurfurstJohann-205x300.jpg 205w, https:\/\/reforma3000.seminariobiblicocucuta.org\/wp-content\/uploads\/2024\/02\/KurfurstJohann-184x270.jpg 184w\" sizes=\"(max-width: 400px) 100vw, 400px\" \/><figcaption class=\"wp-element-caption\">Johann \u00abel Constante\u00bb, Pr\u00edncipe Elector de Sajonia<\/figcaption><\/figure><\/div>\n\n\n<p>A los evang\u00e9licos se les explica que deben \u00abdoblegarse bajo la decision\u00a0debidamente diligenciada\u00bb de la mayor\u00eda. En vista de lo cual los pr\u00edncipes evang\u00e9licos abandonan la sala. A su regreso m\u00e1s tarde es Fernando el que quiere dejar la asamblea y se niega a escucharlos.<\/p>\n\n\n\n<p><\/p>\n\n\n\n<p><\/p>\n\n\n\n<p><\/p>\n\n\n\n<p><\/p>\n\n\n\n<p>As\u00ed que sus objeciones son le\u00eddas: protestan contra la decision de la mayor\u00eda de\u00a0abrogar la determinacion de 1526. Fernando les pide \u00abaceptar el fallo y obedecer\u00bb. Como respuesta, el 20 de abril los pr\u00edncipes evang\u00e9licos entregan oficialmente un escrito de\u00a0<em>Protestaci\u00f3n<\/em>, cuyo recibo Fernando rechaza. No se procede a la lectura, pero llega a manos del publico como documento impreso.<\/p>\n\n\n\n<p>En la Protestaci\u00f3n se dice, entre otras:<\/p>\n\n\n\n<blockquote class=\"wp-block-quote\">\n<p>As\u00ed protestamos y testificamos con ello abiertamente delante de Dios, nuestro solo Creador, Sustentador, Redentor y Salvador, quien solo investiga y conoce a los corazones de todos nosotros, y quien juzgar\u00e1 conforme con justicia; tambi\u00e9n delante de todos los hombres y criaturas, que para nosotros, para los nuestros &nbsp;y para todos los de posici\u00f3n justa, no aprobamos ni consentimos en ninguna acci\u00f3n e intenci\u00f3n decididas, sino que por las causas mencionadas y otras razones honorables las tenemos por nulas y no obligatorias.<\/p>\n<\/blockquote>\n\n\n\n<p>El redactor principal de la Protestaci\u00f3n es el Consejero del electorado saj\u00f3n&nbsp;y anterior canciller Gregorio Br\u00fcck. Firmada es&nbsp;la Protestaci\u00f3n por<\/p>\n\n\n\n<ul>\n<li>Juan, Pr\u00edncipe Elector de Sajonia<\/li>\n\n\n\n<li>Jorge, Marqu\u00e9s de Brandenburgo<\/li>\n\n\n\n<li>Ernesto, Duque de Braunschweig-L\u00fcneburg<\/li>\n\n\n\n<li>Felipe, Conde Soberano de Hessen<\/li>\n\n\n\n<li>Wolfgang, Pr\u00edncipe de Anhalt-K\u00f6then.<\/li>\n<\/ul>\n\n\n\n<p>En la sesi\u00f3n de clausura de la Dieta, el 24 de abril, se repite la lectura de la determinaci\u00f3n aceptada; de la Protestaci\u00f3n de los pr\u00edncipes evang\u00e9licos, sin embargo, no se dice ni una palabra. Por lo tanto, los consejeros de los pr\u00edncipes luteranos y los delegados&nbsp;de los&nbsp;catorce ciudades imperiales evang\u00e9licas se re\u00fanen y redactan un <em>Instrumentum Appellationis<\/em>, una apelaci\u00f3n en la que se resumen una vez m\u00e1s los reclamos contra la determinaci\u00f3n de la Dieta Imperial.<\/p>\n\n\n\n<p class=\"has-text-align-left\">Desde esta dieta, los seguidores del movimiento reformador son llamados <strong>Protestantes<\/strong>.<\/p>\n\n\n\n<h3 class=\"wp-block-heading\">La Protestaci\u00f3n de Spira: su significado<\/h3>\n\n\n\n<p>Con la protestaci\u00f3n de Spira, un grupo minoritario de pr\u00edncipes y ciudades imperiales confront\u00f3 a la decisi\u00f3n de la Dieta de Spira en 1529. Rechazaron a la renovaci\u00f3n del Edicto de Worms de 1521 en contra de Lutero, que prohibi\u00f3 la propagaci\u00f3n de la Reforma. En Spira 1529, una minor\u00eda se fundament\u00f3 en el derecho de su conciencia en contra de una decisi\u00f3n mayoritaria que era obligatoria para todos los territorios imperiales en cuestiones de religi\u00f3n. La Protestaci\u00f3n de Espira no era, sin embargo, una espectacular acci\u00f3n de protesta sino una confesi\u00f3n a favor de la libertad de decisi\u00f3n individual, cuya legitimaci\u00f3n se intentaba obtener a trav\u00e9s de una petici\u00f3n oficial.<\/p>\n\n\n\n<p>Respetar el derecho de las minor\u00edas se considera hoy en d\u00eda una\u00a0 demanda principal a la socieda modernad. Pero hoy como antes, se les hace dif\u00edcil a muchos cuando se saben en el lado mayoritario.<\/p>\n","protected":false},"excerpt":{"rendered":"<p>El 10 de abril 1529, en el marco de la Dieta Imperial de Spira, seis pr\u00edncipes y los delegados de catorce ciudades imperiales se reunieron como representantes de la minor\u00eda religiosa luterana\u00a0 en protesta a causa del decreto imperial en contra de Mart\u00edn Lutero as\u00ed como en contra de sus escritos y ense\u00f1anza, con fin &hellip; <\/p>\n<p class=\"read-more\"><a class=\"btn btn-default\" href=\"https:\/\/reforma3000.seminariobiblicocucuta.org\/index.php\/3-espira\/\"> Seguir leyendo<span class=\"screen-reader-text\">  Seguir leyendo<\/span><\/a><\/p>\n","protected":false},"author":1,"featured_media":0,"parent":0,"menu_order":0,"comment_status":"closed","ping_status":"closed","template":"","meta":{"footnotes":""},"_links":{"self":[{"href":"https:\/\/reforma3000.seminariobiblicocucuta.org\/index.php\/wp-json\/wp\/v2\/pages\/84"}],"collection":[{"href":"https:\/\/reforma3000.seminariobiblicocucuta.org\/index.php\/wp-json\/wp\/v2\/pages"}],"about":[{"href":"https:\/\/reforma3000.seminariobiblicocucuta.org\/index.php\/wp-json\/wp\/v2\/types\/page"}],"author":[{"embeddable":true,"href":"https:\/\/reforma3000.seminariobiblicocucuta.org\/index.php\/wp-json\/wp\/v2\/users\/1"}],"replies":[{"embeddable":true,"href":"https:\/\/reforma3000.seminariobiblicocucuta.org\/index.php\/wp-json\/wp\/v2\/comments?post=84"}],"version-history":[{"count":44,"href":"https:\/\/reforma3000.seminariobiblicocucuta.org\/index.php\/wp-json\/wp\/v2\/pages\/84\/revisions"}],"predecessor-version":[{"id":732,"href":"https:\/\/reforma3000.seminariobiblicocucuta.org\/index.php\/wp-json\/wp\/v2\/pages\/84\/revisions\/732"}],"wp:attachment":[{"href":"https:\/\/reforma3000.seminariobiblicocucuta.org\/index.php\/wp-json\/wp\/v2\/media?parent=84"}],"curies":[{"name":"wp","href":"https:\/\/api.w.org\/{rel}","templated":true}]}}

El derecho de la minoría

<div class="wp-block-image">
<figure class="alignleft is-resized"><img loading="lazy" decoding="async" width="300" height="200" src="http://reforma3000.seminariobiblicocucuta.org/wp-content/uploads/2024/02/DietaSpeyer1529-300x200.jpg" alt="" class="wp-image-712" style="width:386px;height:auto" srcset="https://reforma3000.seminariobiblicocucuta.org/wp-content/uploads/2024/02/DietaSpeyer1529-300x200.jpg 300w, https://reforma3000.seminariobiblicocucuta.org/wp-content/uploads/2024/02/DietaSpeyer1529-405x270.jpg 405w, https://reforma3000.seminariobiblicocucuta.org/wp-content/uploads/2024/02/DietaSpeyer1529-272x182.jpg 272w, https://reforma3000.seminariobiblicocucuta.org/wp-content/uploads/2024/02/DietaSpeyer1529.jpg 550w" sizes="(max-width: 300px) 100vw, 300px" /></figure></div>


<p class="has-text-align-left"><strong><em>El 10 de abril 1529, en el marco de la Dieta Imperial de Spira, seis príncipes y los delegados de catorce ciudades imperiales se reunieron como representantes de la minoría religiosa luterana  en protesta a causa del decreto imperial en contra de Martín Lutero así como en contra de sus escritos y enseñanza, con fin de solicitar la propagación libre de la fe evangélica.</em></strong></p>



<h3 class="wp-block-heading">Los luteranos en la Dieta de Spira</h3>



<p>Ocho años atrás, en la <a href="http://reforma3000.seminariobiblicocrucuta.org/lo-que-podemos-aprender-de-lutero">Dieta de Worms</a> de 1521, la lectura y difusión de los escritos luteranos había sido prohibido en el Edicto de Worms, y Martín Lutero así como sus seguidores fueron declarados como fuera de la ley. En una dieta posterior, celebrada en 1526 también en Spira, este fallo fue parcialmente reversado, en cuanto que su ejecución se dejó en manos de los Estados Imperiales. Cada príncipe debía tratar el asunto de religión tal como le parecía poder responder ante Dios y ante el Emperador. En esta segunda Dieta de Spira, Carlos V. quiere ahora levantar las conclusiones de 1526 para poner fin a la disputa religiosa entre la mayoría católica y la minoría evangélica.</p>



<p>Los príncipes inclinados a la Reforma, empero, no quieren conformarse&nbsp;con ser obligados a la confesión católica por medio de una decisión mayoritaria. La protesta montada por los príncipes y ciudades se considera, por ende, la hora de Nacimiento del protestantismo.</p>



<h4 class="wp-block-heading">Los antecedentes</h4>



<p>Apenas a tres años despuñes de la dieta del 1526, Emperador Carlos V. conscribe una nueva dieta para el 1 de marzo de 1529. Como en la occasion anterior no&nbsp;asistirá en persona sino, en su lugar debe presidir su hermano Fernando; él mismo se encuentra demasiado involucrado en la guerra española con Francia.</p>



<p>En el discurso de inauguración, Fernando da a conocer la decision del emperador: levantar la determinación de 1526, ya que&nbsp;ella hubiera&nbsp;dado origen a&nbsp;«gran malestar y falta de sentido», y amenaza a cualquier «seducción a la falsa fe» con&nbsp;expulsar a los incurrientes por fuera de la protección por la ley imperial. Hasta la aclaración por un concilio que todavía faltaba por convocar, todas las innovaciones eran prohibidas.</p>



<p>Aún así ofrece&nbsp;alguna concesión: «El que hasta ahora ha acatado al Edicto de Worms, debe seguir haciéndolo. En las regiones donde no se le ha obedecido, no se introducen&nbsp;cosas nuevas,&nbsp;pero a nadie debe impedirse celebrar la misa. Las sectas finalmente que contradigan al sacramento del&nbsp;Cuerpo y la Sangre verdadera, no deben permitirse,&nbsp;así como tampoco los anabaptistas.»</p>



<p>En texto claro esto quiere decir que en territories&nbsp;gobernados por&nbsp;católicos se mantiene la&nbsp;prohibición a la enseñanza&nbsp; luterana, mientras en territories gobernados por luteranos, estos pueden continuar por el momento, pero sin propagar su fe ni inhibiendo&nbsp;a los católicos.</p>



<h4 class="wp-block-heading">Un nombre&nbsp;para los siglos</h4>



<p>El 19 de abril, las objeciones contra la determinación imperial de 1526 son aceptados por una mayoría de los Estados.</p>


<div class="wp-block-image">
<figure class="alignleft size-large is-resized"><img loading="lazy" decoding="async" width="691" height="1024" src="http://reforma3000.seminariobiblicocucuta.org/wp-content/uploads/2024/02/HerzogErnst-691x1024.jpg" alt="" class="wp-image-716" style="width:239px;height:auto" srcset="https://reforma3000.seminariobiblicocucuta.org/wp-content/uploads/2024/02/HerzogErnst-691x1024.jpg 691w, https://reforma3000.seminariobiblicocucuta.org/wp-content/uploads/2024/02/HerzogErnst-203x300.jpg 203w, https://reforma3000.seminariobiblicocucuta.org/wp-content/uploads/2024/02/HerzogErnst-768x1137.jpg 768w, https://reforma3000.seminariobiblicocucuta.org/wp-content/uploads/2024/02/HerzogErnst-182x270.jpg 182w, https://reforma3000.seminariobiblicocucuta.org/wp-content/uploads/2024/02/HerzogErnst.jpg 1000w" sizes="(max-width: 691px) 100vw, 691px" /><figcaption class="wp-element-caption"><strong>Ernst «el Confesor». Duque de Braunschweig</strong></figcaption></figure></div>

<div class="wp-block-image">
<figure class="alignright size-full is-resized"><img loading="lazy" decoding="async" width="400" height="586" src="http://reforma3000.seminariobiblicocucuta.org/wp-content/uploads/2024/02/KurfurstJohann.jpg" alt="" class="wp-image-717" style="width:235px;height:auto" srcset="https://reforma3000.seminariobiblicocucuta.org/wp-content/uploads/2024/02/KurfurstJohann.jpg 400w, https://reforma3000.seminariobiblicocucuta.org/wp-content/uploads/2024/02/KurfurstJohann-205x300.jpg 205w, https://reforma3000.seminariobiblicocucuta.org/wp-content/uploads/2024/02/KurfurstJohann-184x270.jpg 184w" sizes="(max-width: 400px) 100vw, 400px" /><figcaption class="wp-element-caption">Johann «el Constante», Príncipe Elector de Sajonia</figcaption></figure></div>


<p>A los evangélicos se les explica que deben «doblegarse bajo la decision debidamente diligenciada» de la mayoría. En vista de lo cual los príncipes evangélicos abandonan la sala. A su regreso más tarde es Fernando el que quiere dejar la asamblea y se niega a escucharlos.</p>



<p></p>



<p></p>



<p></p>



<p></p>



<p>Así que sus objeciones son leídas: protestan contra la decision de la mayoría de abrogar la determinacion de 1526. Fernando les pide «aceptar el fallo y obedecer». Como respuesta, el 20 de abril los príncipes evangélicos entregan oficialmente un escrito de <em>Protestación</em>, cuyo recibo Fernando rechaza. No se procede a la lectura, pero llega a manos del publico como documento impreso.</p>



<p>En la Protestación se dice, entre otras:</p>



<blockquote class="wp-block-quote">
<p>Así protestamos y testificamos con ello abiertamente delante de Dios, nuestro solo Creador, Sustentador, Redentor y Salvador, quien solo investiga y conoce a los corazones de todos nosotros, y quien juzgará conforme con justicia; también delante de todos los hombres y criaturas, que para nosotros, para los nuestros &nbsp;y para todos los de posición justa, no aprobamos ni consentimos en ninguna acción e intención decididas, sino que por las causas mencionadas y otras razones honorables las tenemos por nulas y no obligatorias.</p>
</blockquote>



<p>El redactor principal de la Protestación es el Consejero del electorado sajón&nbsp;y anterior canciller Gregorio Brück. Firmada es&nbsp;la Protestación por</p>



<ul>
<li>Juan, Príncipe Elector de Sajonia</li>



<li>Jorge, Marqués de Brandenburgo</li>



<li>Ernesto, Duque de Braunschweig-Lüneburg</li>



<li>Felipe, Conde Soberano de Hessen</li>



<li>Wolfgang, Príncipe de Anhalt-Köthen.</li>
</ul>



<p>En la sesión de clausura de la Dieta, el 24 de abril, se repite la lectura de la determinación aceptada; de la Protestación de los príncipes evangélicos, sin embargo, no se dice ni una palabra. Por lo tanto, los consejeros de los príncipes luteranos y los delegados&nbsp;de los&nbsp;catorce ciudades imperiales evangélicas se reúnen y redactan un <em>Instrumentum Appellationis</em>, una apelación en la que se resumen una vez más los reclamos contra la determinación de la Dieta Imperial.</p>



<p class="has-text-align-left">Desde esta dieta, los seguidores del movimiento reformador son llamados <strong>Protestantes</strong>.</p>



<h3 class="wp-block-heading">La Protestación de Spira: su significado</h3>



<p>Con la protestación de Spira, un grupo minoritario de príncipes y ciudades imperiales confrontó a la decisión de la Dieta de Spira en 1529. Rechazaron a la renovación del Edicto de Worms de 1521 en contra de Lutero, que prohibió la propagación de la Reforma. En Spira 1529, una minoría se fundamentó en el derecho de su conciencia en contra de una decisión mayoritaria que era obligatoria para todos los territorios imperiales en cuestiones de religión. La Protestación de Espira no era, sin embargo, una espectacular acción de protesta sino una confesión a favor de la libertad de decisión individual, cuya legitimación se intentaba obtener a través de una petición oficial.</p>



<p>Respetar el derecho de las minorías se considera hoy en día una  demanda principal a la socieda modernad. Pero hoy como antes, se les hace difícil a muchos cuando se saben en el lado mayoritario.</p>

<p>El 10 de abril 1529, en el marco de la Dieta Imperial de Spira, seis príncipes y los delegados de catorce ciudades imperiales se reunieron como representantes de la minoría religiosa luterana  en protesta a causa del decreto imperial en contra de Martín Lutero así como en contra de sus escritos y enseñanza, con fin &hellip; </p>
<p class="read-more"><a class="btn btn-default" href="https://reforma3000.seminariobiblicocucuta.org/index.php/3-espira/"> Seguir leyendo<span class="screen-reader-text">  Seguir leyendo</span></a></p>
